n thousands digit of 1442184?
4
What is the hundreds digit of 279155?
1
What is the hundred thousands digit of 610498?
6
What is the hundred thousands digit of 1917905?
9
What is the units digit of 56694?
4
What is the hundred thousands digit of 253251?
2
What is the hundreds digit of 883848?
8
What is the ten thousands digit of 1212011?
1
What is the tens digit of 344494?
9
What is the thousands digit of 95050?
5
What is the hundreds digit of 1032276?
2
What is the tens digit of 514009?
0
What is the thousands digit of 15415?
5
What is the ten thousands digit of 5364408?
6
What is the thousands digit of 8971387?
1
What is the thousands digit of 907306?
7
What is the millions digit of 35342377?
5
What is the ten millions digit of 30279738?
3
What is the thousands digit of 176806?
6
What is the tens digit of 1576098?
9
What is the ten thousands digit of 21778802?
7
What is the thousands digit of 3261661?
1
What is the tens digit of 319255?
5
What is the tens digit of 421072?
7
What is the hundred thousands digit of 543688?
5
What is the thousands digit of 413950?
3
What is the ten thousands digit of 6290714?
9
What is the ten thousands digit of 1131121?
3
What is the millions digit of 1191550?
1
What is the units digit of 2250525?
5
What is the hundreds digit of 1290088?
0
What is the ten thousands digit of 2640966?
4
What is the thousands digit of 1878538?
8
What is the ten thousands digit of 4471145?
7
What is the hundreds digit of 299824?
8
What is the thousands digit of 19257640?
7
What is the ten thousands digit of 14128850?
2
What is the thousands digit of 378076?
8
What is the hundred thousands digit of 4714079?
7
What is the hundreds digit of 19745494?
4
What is the hundred thousands digit of 1009317?
0
What is the hundred thousands digit of 560472?
5
What is the ten thousands digit of 804180?
0
What is the hundreds digit of 5145230?
2
What is the tens digit of 98319?
1
What is the tens digit of 151383?
8
What is the ten thousands digit of 9893255?
9
What is the units digit of 3228390?
0
What is the tens digit of 312865?
6
What is the hundreds digit of 1574571?
5
What is the millions digit of 5640718?
5
What is the hundred thousands digit of 7387896?
3
What is the hundreds digit of 804263?
2
What is the units digit of 42148?
8
What is the tens digit of 4594777?
7
What is the tens digit of 3699185?
8
What is the hundred thousands digit of 12134504?
1
What is the thousands digit of 1578005?
8
What is the millions digit of 22323054?
2
What is the tens digit of 880541?
4
What is the hundreds digit of 138684?
6
What is the tens digit of 428217?
1
What is the units digit of 800707?
7
What is the tens digit of 67712?
1
What is the hundreds digit of 1842475?
4
What is the tens digit of 24169?
6
What is the hundreds digit of 172807?
8
What is the hundreds digit of 8273?
2
What is the ten millions digit of 13485439?
1
What is the ten thousands digit of 5300791?
0
What is the hundred thousands digit of 3161610?
1
What is the thousands digit of 40424?
0
What is the tens digit of 12619349?
4
What is the thousands digit of 884679?
4
What is the tens digit of 488637?
3
What is the tens digit of 18833?
3
What is the millions digit of 1844166?
1
What is the ten thousands digit of 5113950?
1
What is the ten thousands digit of 8970524?
7
What is the hundred thousands digit of 13868898?
8
What is the millions digit of 1473747?
1
What is the ten thousands digit of 1878403?
7
What is the tens digit of 116042?
4
What is the ten thousands digit of 714323?
1
What is the units digit of 149097?
7
What is the ten thousands digit of 940254?
4
What is the hundreds digit of 5854617?
6
What is the hundred thousands digit of 15367493?
3
What is the ten thousands digit of 1689780?
8
What is the tens digit of 343705?
0
What is the hundreds digit of 2677310?
3
What is the thousands digit of 2038547?
8
What is the units digit of 248580?
0
What is the hundreds digit of 1636827?
8
What is the units digit of 9509457?
7
What is the tens digit of 758735?
3
What is the tens digit of 3175?
7
What is the units digit of 4435931?
1
What is the units digit of 1785796?
6
What is the tens digit of 239917?
1
What is the ten thousands digit of 228168?
2
What is the units digit of 504709?
9
What is the ten thousands digit of 1275833?
7
What is the thousands digit of 32739?
2
What is the hundred thousands digit of 334668?
3
What is the thousands digit of 158820?
8
What is the tens digit of 935064?
6
What is the tens digit of 130992?
9
What is the units digit of 56235?
5
What is the millions digit of 6019128?
6
What is the tens digit of 1513731?
3
What is the units digit of 2840552?
2
What is the hundreds digit of 443490?
4
What is the thousands digit of 1749699?
9
What is the thousands digit of 14807443?
7
What is the thousands digit of 829123?
9
What is the thousands digit of 582106?
2
What is the hundreds digit of 1810032?
0
What is the tens digit of 1414279?
7
What is the thousands digit of 273258?
3
What is the units digit of 5391150?
0
What is the thousands digit of 5695087?
5
What is the tens digit of 3475706?
0
What is the units digit of 26390600?
0
What is the ten thousands digit of 213639?
1
What is the millions digit of 2059875?
2
What is the ten thousands digit of 301511?
0
What is the hundreds digit of 719322?
3
What is the thousands digit of 2647963?
7
What is the thousands digit of 3296212?
6
What is the units digit of 259716?
6
What is the ten thousands digit of 168601?
6
What is the hundred thousands digit of 256014?
2
What is the millions digit of 2913212?
2
What is the hundreds digit of 5960534?
5
What is the units digit of 560415?
5
What is the thousands digit of 19067956?
7
What is the hundred thousands digit of 4626588?
6
What is the ten thousands digit of 783015?
8
What is the units digit of 38218?
8
What is the units digit of 497246?
6
What is the ten thousands digit of 1140117?
4
What is the thousands digit of 4243890?
3
What is the thousands digit of 2231273?
1
What is the hundred thousands digit of 175383?
1
What is the thousands digit of 16250247?
0
What is the millions digit of 1589154?
1
What is the hundreds digit of 238802?
8
What is the ten thousands digit of 6201266?
0
What is the hundreds digit of 256559?
5
What is the hundreds digit of 3532146?
1
What is the millions digit of 2558685?
2
What is the thousands digit of 20532?
0
What is the hundreds digit of 409783?
7
What is the hundred thousands digit of 3131670?
1
What is the tens digit of 3660458?
5
What is the hundred thousands digit of 265462?
2
What is the units digit of 272715?
5
What is the hundreds digit of 606420?
4
What is the hundreds digit of 3172258?
2
What is the tens digit of 197484?
8
What is the ten thousands digit of 840587?
4
What is the units digit of 317051?
1
What is the hundred thousands digit of 4226283?
2
What is the hundreds digit of 174126?
1
What is the ten thousands digit of 9041528?
4
What is the hundred thousands digit of 1797876?
7
What is the ten thousands digit of 1904172?
0
What is the tens digit of 685146?
4
What is the thousands digit of 2091364?
1
What is the units digit of 5833612?
2
What is the thousands digit of 460429?
0
What is the ten thousands digit of 9302843?
0
What is the units digit of 3174955?
5
What is the thousands digit of 924921?
4
What is the hundreds digit of 16658468?
4
What is the ten thousands digit of 145085?
4
What is the millions digit of 6691470?
6
What is the hundreds digit of 4789503?
5
What is the ten thousands digit of 6159610?
5
What is the thousands digit of 532859?
2
What is the hundred thousands digit of 18931115?
9
What is the hundreds digit of 18890976?
9
What is the ten thousands digit of 104136?
0
What is the hundreds digit of 37260?
2
What is the hundreds digit of 22998034?
0
What is the units digit of 9220133?
3
What is the tens digit of 7847839?
3
What is the hundreds digit of 183864?
8
What is the tens digit of 950938?
3
What is the hundred thousands digit of 141333?
1
What is the units digit of 12267066?
6
What is the thousands digit of 265218?
5
What is the millions digit of 1369239?
1
What is the millions digit of 2889057?
2
What is the millions digit of 1447004?
1
What is the hundred thousands digit of 3237697?
2
What is